t is 1 + -1511a?
-15119
In base 15, what is -285 - -2ba?
35
In base 14, what is -8 - -5aaa?
5aa2
In base 16, what is -84d5e + -3?
-84d61
In base 8, what is 5 + 35704?
35711
In base 16, what is 44a + d?
457
In base 14, what is 6419 + 4?
641d
In base 8, what is -14204 + 5?
-14177
In base 3, what is -12 + 1111211220?
1111211201
In base 11, what is -88 + 182?
a5
In base 14, what is -77 - 1187?
-1220
In base 5, what is -23 - -23003?
22430
In base 16, what is -a16 + -17?
-a2d
In base 14, what is 189a37 - 3?
189a34
In base 9, what is -21 + -5582?
-5613
In base 8, what is -124571 + 15?
-124554
In base 14, what is 3b + 223?
260
In base 13, what is 56 - 1624?
-159b
In base 5, what is -2400 - 3142?
-11042
In base 2, what is -11 + 11100100101000001?
11100100100111110
In base 9, what is 0 + 15525?
15525
In base 13, what is 4b5 - 80?
435
In base 4, what is 330103 - 0?
330103
In base 12, what is -245a - 6?
-2464
In base 11, what is -259533 + -16?
-259549
In base 3, what is 2202 + -111011120?
-111001211
In base 9, what is 17 - -2545?
2563
In base 12, what is 141 + 846?
987
In base 9, what is -114 + -2770?
-2884
In base 2, what is 11011011 + -101010010011?
-100110111000
In base 13, what is 3 + 33a48?
33a4b
In base 8, what is 4 + 153501?
153505
In base 4, what is 202 + -132323303?
-132323101
In base 12, what is 200 - 92?
12a
In base 2, what is 1011011000000 - 1011?
1011010110101
In base 7, what is 1422 - 3064?
-1342
In base 11, what is 1067 + 7?
1073
In base 11, what is -7741 - -33?
-7709
In base 2, what is -100 + -11110111100100001?
-11110111100100101
In base 9, what is -217 - 475?
-703
In base 4, what is 323 - 123301?
-122312
In base 6, what is -4 - 2410223?
-2410231
In base 3, what is 21200220222 - 10?
21200220212
In base 2, what is -10001000010001100 + 110?
-10001000010000110
In base 4, what is -2002 - -332112?
330110
In base 2, what is 10101 - 1110000101111?
-1110000011010
In base 13, what is 4 - 181b4?
-181b0
In base 7, what is 5 + 5550121?
5550126
In base 2, what is 100000010010 + -1001110001?
10110100001
In base 12, what is 1787b + 4?
17883
In base 3, what is 11 - -201010022?
201010110
In base 12, what is -3145 - -32?
-3113
In base 8, what is -12741 - -144?
-12575
In base 9, what is -1327562 - 1?
-1327563
In base 7, what is -26602 + 0?
-26602
In base 9, what is 486 + 168?
665
In base 6, what is 30241 + -3?
30234
In base 16, what is 11 - a3f2?
-a3e1
In base 2, what is 11 - 1010010000111011?
-1010010000111000
In base 10, what is -5 + 472484?
472479
In base 14, what is 4 + -76b3?
-76ad
In base 4, what is 3121122200 - 10?
3121122130
In base 12, what is -6a7b + 2?
-6a79
In base 10, what is -2 - -72670?
72668
In base 2, what is 101 - -10110000111111?
10110001000100
In base 3, what is 10 - -22222200000?
22222200010
In base 12, what is -3a6b7 - -3?
-3a6b4
In base 5, what is -14322033 - 4?
-14322042
In base 11, what is 4a03 - -49?
4a51
In base 3, what is -102200122 + -10?
-102200202
In base 15, what is 13 + 16ed?
1711
In base 5, what is 130411 - 20?
130341
In base 11, what is -39 - 12032?
-12070
In base 2, what is 1001001011110000 + 100?
1001001011110100
In base 12, what is 6624 + -5?
661b
In base 2, what is -11111110001011 + -11011100?
-100000001100111
In base 16, what is 1 + 101a8?
101a9
In base 8, what is 44251 - 3?
44246
In base 11, what is 3 - 20541?
-20539
In base 15, what is 21b6e + 0?
21b6e
In base 2, what is 110010 + -100001?
10001
In base 12, what is -43 + 3189?
3146
In base 10, what is 2 + -265157?
-265155
In base 2, what is 1 + -11000110110100?
-11000110110011
In base 7, what is -142 + -1214?
-1356
In base 11, what is 74a5 - 5?
74a0
In base 7, what is 3 - -153654?
153660
In base 12, what is 376 + 174?
52a
In base 4, what is -13330 - -23213?
3223
In base 6, what is 4 + -23545422?
-23545414
In base 14, what is 214dc + 5?
21503
In base 7, what is -550456 - -1?
-550455
In base 3, what is 12 + 221002202201?
221002202220
In base 13, what is -3 - -42ab5?
42ab2
In base 5, what is -234 - -3341334?
3341100
In base 12, what is -593816 - 1?
-593817
In base 14, what is -33 - 13c58?
-13c8b
In base 2, what is 10111011 - -110011?
11101110
In base 6, what is 424 - -101?
525
In base 13, what is -439a1 - 4?
-439a5
In base 4, what is 20 - 22000322?
-22000302
In base 8, what is 4302366 + 1?
4302367
In base 2, what is -101 - -10111111101?
10111111000
In base 3, what is 10021 - 1111?
1210
In base 10, what is -1133 + 14?
-1119
In base 4, what is -313033 - -123?
-312310
In base 12, what is -88b - 2b?
-8ba
In base 13, what is 1b84a + 5?
1b852
In base 16, what is d60c - 0?
d60c
In base 15, what is aeb + 7?
b03
In base 8, what is 2 - 237623?
-237621
In base 2, what is 100100000 - -100000001?
1000100001
In base 3, what is -12 - -222110022?
222110010
In base 8, what is -42660 - -5?
-42653
In base 8, what is 141167 + 4?
141173
In base 11, what is 3a95 + -16?
3a7a
In base 14, what is -6a897 - 4?
-6a89b
In base 16, what is 76892 - 5?
7688d
In base 4, what is -10 - -1031330001?
1031323331
In base 12, what is -97bb3 - 2?
-97bb5
In base 6, what is 11 + -11104?
-11053
In base 4, what is -21232 + 232123?
210231
In base 12, what is 72 + -312?
-260
In base 11, what is 1606 + -17?
159a
In base 8, what is -372 + 4245?
3653
In base 5, what is -4230 + 323134?
313404
In base 9, what is -145327 + -5?
-145333
In base 11, what is a5 + -7?
99
In base 13, what is 7b638 - 2?
7b636
In base 13, what is 71ac1 + 3?
71ac4
In base 10, what is -18 - 252?
-270
In base 15, what is 41 - -1ad?
1ee
In base 4, what is -231112121 + -11?
-231112132
In base 2, what is 11 + -101000111101111110?
-101000111101111011
In base 14, what is 14a08 - 4?
14a04
In base 3, what is -10121 + -1201210?
-1212101
In base 14, what is -1 + -5d22?
-5d23
In base 13, what is ac + b2c?
c0b
In base 10, what is 0 + -15689?
-15689
In base 7, what is 4 + 1341031?
1341035
In base 16, what is a - 6526?
-651c
In base 16, what is 1 - 2d3c4?
-2d3c3
In base 2, what is -100111100101 + 110100?
-100110110001
In base 8, what is 1530 - -2675?
4425
In base 8, what is 763 + -23?
740
In base 11, what is -6 - -5814?
5809
In base 12, what is 4 + -888?
-884
In base 6, what is -21540 - 3431?
-25411
In base 14, what is -1d94 + 177?
-1c1b
In base 16, what is 3 + -437a6?
-437a3
In base 15, what is -58 - 288?
-2e1
In base 11, what is -1 + a58?
a57
In base 15, what is 0 + -749?
-749
In base 2, what is 11100001011 + 0?
11100001011
In base 9, what is 2652 + 23?
2675
In base 9, what is -1165468 - 4?
-1165473
In base 8, what is 13463761 + -1?
13463760
In base 15, what is -7e + 4b?
-33
In base 12, what is 1 + -762b?
-762a
In base 13, what is -6170 - 6?
-6176
In base 3, what is 2222101200 + 12?
2222101212
In base 15, what is 1201 - 16?
11da
In base 15, what is 2c7 - 19?
2ad
In base 12, what is 57a52 + -5?
57a49
In base 14, what is -36 + 677?
641
In base 2, what is 10011001100 + -10110?
10010110110
In base 6, what is -541251 - 5?
-541300
In base 6, what is -35551 + 2?
-35545
In base 11, what is 45 + 8194?
8229
In base 6, what is -20 - 110130?
-110150
In base 14, what is b1 - -225?
2d6
In base 7, what is -5054 + -163?
-5250
In base 8, what is 5303501 + -3?
5303476
In base 16, what is 6b - 100?
-95
In base 9, what is 3 + -11712?
-11708
In base 16, what is -22 - -1a2f?
1a0d
In base 10, what is 14517 - -10?
14527
In base 16, what is dd9d3 + 4?
dd9d7
In base 10, what is -69 + -899?
-968
In base 15, what is -10a0 + 0?
-10a0
In base 5, what is 3 - 132004210?
-132004202
In base 11, what is 39a294 - 0?
39a294
In base 8, what is 255 - -243?
520
In base 4, what is 301010 + 2?
301012
In base 3, what is 2 + 101200002?
101200011
In base 6, what is 0 - -51152353?
51152353
In base 13, what is -2 + 57876?
57874
In base 9, what is -4 - -220122?
220117
In base 8, what is 2373312 - 4?
2373306
In base 4, what is -32020 - -22330?
-3030
In base 13, what is 243 - -28?
26b
In base 15, what is 99d64 - -1?
99d65
In base 7, what is 146254 + -100?
146154
In base 6, what is 4015443 - 10?
4015433
In base 8, what is -1 - 20452?
-20453
In base 11, what is -381244 + -3?
-381247
In base 12, what is -95b14 + -5?
-95b19
In base 3, what is -100002212 + 222001?
-22010211
In base 7, what is 565 + -31?
534
In base 15, what is a664 + 5?
a669
In base 13, what is -5 + 2a669?
2a664
In base 14, what is 24 - -1028